{"id":2529,"date":"2021-02-16T12:01:34","date_gmt":"2021-02-16T12:01:34","guid":{"rendered":"https:\/\/t5.imsp.md\/?page_id=2529"},"modified":"2025-07-29T10:11:37","modified_gmt":"2025-07-29T10:11:37","slug":"legislatie","status":"publish","type":"page","link":"https:\/\/chirsova.imsp.md\/index.php\/transparenta\/legislatie\/","title":{"rendered":"\u0417\u0430\u043a\u043e\u043d\u043e\u0434\u0430\u0442\u0435\u043b\u044c\u0441\u0442\u0432\u043e"},"content":{"rendered":"<div class=\"wpb-content-wrapper\"><p>[vc_row][vc_column width=&#8221;1\/4&#8243;][vc_wp_custommenu nav_menu=&#8221;14&#8243; title=&#8221;\u041f\u0440\u043e\u0437\u0440\u0430\u0447\u043d\u043e\u0441\u0442\u044c&#8221;][\/vc_column][vc_column width=&#8221;3\/4&#8243;][vc_column_text css=&#8221;&#8221;]<\/p>\n<div class=\"wpb_column vc_column_container vc_col-sm-6\">\n<div class=\"vc_column-inner\">\n<div class=\"wpb_wrapper\">\n<div class=\"wpb_text_column wpb_content_element \">\n<div class=\"wpb_wrapper\">\n<ul>\n<li><a href=\"https:\/\/docs.google.com\/spreadsheets\/d\/1NoVWvwKOIQIAv-zV6Z9ig2hk60cEV0hF\/edit?usp=sharing&amp;ouid=113198336835765937747&amp;rtpof=true&amp;sd=true\" target=\"_blank\" rel=\"noopener\">Anexa-1-la-ordin_ 01.04.2025<\/a><\/li>\n<li><a href=\"https:\/\/docs.google.com\/spreadsheets\/d\/1bArkCMXGrI0MFUbQKd12PqlNotmMh3WM\/edit?usp=sharing&amp;ouid=113198336835765937747&amp;rtpof=true&amp;sd=true\" target=\"_blank\" rel=\"noopener\">Anexa-2_01.04.2025-la-ordin<\/a><\/li>\n<li><a href=\"https:\/\/drive.google.com\/file\/d\/1g5PKrlhHd8LyHe9d1CpATlMxfWY_NA38\/view?usp=sharing\" target=\"_blank\" rel=\"noopener\">12-3789 din 04.10.2024<\/a><\/li>\n<li><a href=\"https:\/\/drive.google.com\/file\/d\/1q3Fr9E-4FdWlm9wih3TvPR8jh8aVHnnT\/view?usp=sharing\" target=\"_blank\" rel=\"noopener\">Ordinul Nr. 249-A-894 din 01.11.2024<\/a><\/li>\n<li><a href=\"https:\/\/drive.google.com\/file\/d\/1L_CO1QMhG5faHh9XJdd2lIC8EkU03AfU\/view?usp=sharing\" target=\"_blank\" rel=\"noopener\">Ordinul Nr. 1089 din 23.12.2024<\/a><\/li>\n<li><a href=\"https:\/\/drive.google.com\/file\/d\/163kz0qJBgwV9a0AaxzttNOrBZrZ5hOhF\/view?usp=sharing\" target=\"_blank\" rel=\"noopener\">Ordin-nr.-1089-23.12.2024.Norme-metodologice<\/a><\/li>\n<li><a href=\"https:\/\/drive.google.com\/file\/d\/1AbA5-HGd5SPCCA1hBVw8-q6C_0Jydg-0\/view?usp=sharing\" target=\"_blank\" rel=\"noopener\">Ordinul Nr. 738 din 11.09.2023<\/a><\/li>\n<li><a href=\"https:\/\/drive.google.com\/file\/d\/1oAnkZjT5-ljsxfFfPxo0IE1Yr1DmBxBD\/view?usp=sharing\" target=\"_blank\" rel=\"noopener\">\u0420\u0435\u0433\u043b\u0430\u043c\u0435\u043d\u0442 \u043e \u0440\u0435\u0433\u0438\u0441\u0442\u0440\u0430\u0446\u0438\u0438 \u043d\u0430\u0441\u0435\u043b\u0435\u043d\u0438\u044f \u0432 \u0441\u043f\u0438\u0441\u043a\u0435 \u0441\u0435\u043c\u0435\u0439\u043d\u043e\u0433\u043e \u0432\u0440\u0430\u0447\u0430<\/a><\/li>\n<li><a href=\"https:\/\/drive.google.com\/file\/d\/1YXUS_JtSWhGVnWaFO9Xy5sPYSxIpD_oG\/view?usp=sharing\" target=\"_blank\" rel=\"noopener noreferrer\">Ordinul MSMPS nr. 386 din 07.03.2018 \u201dCu privire la atestarea medicilor \u0219i farmaci\u0219tilor\u201d<\/a><\/li>\n<li><a href=\"https:\/\/drive.google.com\/file\/d\/1M-5Mn9yx2Pi19HgLND-WZD9E0knHf8Ca\/view?usp=sharing\" target=\"_blank\" rel=\"noopener noreferrer\">Odinul MSPMS nr.394 din 13.03.2018 \u201dCu privire la atestarea personalului medical \u0219i farmaceutic cu studii medii de specialitate\u201d<\/a><\/li>\n<li><a href=\"https:\/\/drive.google.com\/file\/d\/1X9-nv97yfc2SRrpfvNB734ce2QayzcRb\/view?usp=sharing\" target=\"_blank\" rel=\"noopener noreferrer\">Ordinul MSMPS nr.139-P<span class=\"aCOpRe\">\u00a7<wbr \/><\/span>3 \u201dCu privire la aprobarea Regulamentului privind angajarea prin concurs a personalului medical din sistemul s\u0103n\u0103t\u0103\u021bii\u201d<\/a><\/li>\n<li><a href=\"https:\/\/drive.google.com\/file\/d\/1uACaSeLgeefc_8_s1vsy5RcUcSbY6GyO\/view?usp=sharing\" target=\"_blank\" rel=\"noopener noreferrer\">Ordinul MSPMS nr.1048 din 12.11.2020 \u201dCu privire la reglementarea sistemului na\u021bional de educa\u021bie medical\u0103 \u0219i farmaceutic\u0103 continu\u0103\u201d<\/a><\/li>\n<\/ul>\n<\/div>\n<\/div>\n<\/div>\n<\/div>\n<\/div>\n<p>[\/vc_column_text][\/vc_column][\/vc_row][vc_row disable_element=&#8221;yes&#8221;][vc_column width=&#8221;1\/2&#8243;][vc_toggle title=&#8221;Legisla\u021bie \u00een domeniul s\u0103n\u0103t\u0103\u021bii:&#8221;]<\/p>\n<ul>\n<li><a href=\"https:\/\/chirsova.imsp.md\/index.php\/legislatie\/\" target=\"_blank\" rel=\"noopener noreferrer\">Hot\u0103r\u00e2rea de Guvern Nr.1 din 01.01.2021 \u00cen domeniul S\u0103n\u0103t\u0103\u021bii<\/a><\/li>\n<li><a href=\"https:\/\/chirsova.imsp.md\/index.php\/legislatie\/\" target=\"_blank\" rel=\"noopener noreferrer\">Hot\u0103r\u00e2rea de Guvern Nr.2 din 01.01.2021 \u00cen domeniul S\u0103n\u0103t\u0103\u021bii<\/a><\/li>\n<li><a href=\"https:\/\/chirsova.imsp.md\/index.php\/legislatie\/\" target=\"_blank\" rel=\"noopener noreferrer\">Hot\u0103r\u00e2rea de Guvern Nr.3 din 01.01.2021 \u00cen domeniul S\u0103n\u0103t\u0103\u021bii<\/a><\/li>\n<li><a href=\"https:\/\/chirsova.imsp.md\/index.php\/legislatie\/\" target=\"_blank\" rel=\"noopener noreferrer\">Hot\u0103r\u00e2rea de Guvern Nr.4 din 01.01.2021 \u00cen domeniul S\u0103n\u0103t\u0103\u021bii<\/a><\/li>\n<\/ul>\n<p>[\/vc_toggle][\/vc_column][vc_column width=&#8221;1\/2&#8243;][vc_toggle title=&#8221;Ordine Ministeriale&#8221;]<\/p>\n<ul>\n<li><a href=\"https:\/\/chirsova.imsp.md\/index.php\/legislatie\/\" target=\"_blank\" rel=\"noopener noreferrer\">Ordinul\u00a0 Nr.1 din 01.01.2021 \u00cen domeniul S\u0103n\u0103t\u0103\u021bii<\/a><\/li>\n<li><a href=\"https:\/\/chirsova.imsp.md\/index.php\/legislatie\/\" target=\"_blank\" rel=\"noopener noreferrer\">Ordinul\u00a0 Nr.2 din 01.01.2021 \u00cen domeniul S\u0103n\u0103t\u0103\u021bii<\/a><\/li>\n<li><a href=\"https:\/\/chirsova.imsp.md\/index.php\/legislatie\/\" target=\"_blank\" rel=\"noopener noreferrer\">Ordinul\u00a0 Nr.3 din 01.01.2021 \u00cen domeniul S\u0103n\u0103t\u0103\u021bii<\/a><\/li>\n<li><a href=\"https:\/\/chirsova.imsp.md\/index.php\/legislatie\/\" target=\"_blank\" rel=\"noopener noreferrer\">Ordinul\u00a0 Nr.4 din 01.01.2021 \u00cen domeniul S\u0103n\u0103t\u0103\u021bii<\/a><\/li>\n<li><a href=\"https:\/\/chirsova.imsp.md\/index.php\/legislatie\/\" target=\"_blank\" rel=\"noopener noreferrer\">Ordinul\u00a0 Nr.5 din 01.01.2021 \u00cen domeniul S\u0103n\u0103t\u0103\u021bii<\/a><\/li>\n<\/ul>\n<p>[\/vc_toggle][\/vc_column][\/vc_row][vc_row][vc_column][vc_toggle title=&#8221;\u041c\u0415\u0422\u041e\u0414\u0418\u0427\u0415\u0421\u041a\u0418\u0415 \u0420\u0415\u041a\u041e\u041c\u0415\u041d\u0414\u0410\u0426\u0418\u0418&#8221; open=&#8221;true&#8221; css=&#8221;&#8221;]<\/p>\n<ul>\n<li><a href=\"https:\/\/drive.google.com\/file\/d\/1aCxrQLOvb8iOSQGQUOocuQUWx0TByTfT\/view?usp=sharing\" target=\"_blank\" rel=\"noopener\">Ghidul pacientului cu Diabet zaharat<\/a><\/li>\n<li><a href=\"https:\/\/drive.google.com\/file\/d\/1rPCKEo1Au66k_AaR1jejBAWEpYuCLxC3\/view?usp=sharing\" target=\"_blank\" rel=\"noopener\">Ghidul pacientului HTA<\/a><\/li>\n<li><a href=\"https:\/\/drive.google.com\/file\/d\/13yhECobJDyi2clV9U3hK3Eh36BF7ZbZ9\/view?usp=sharing\" target=\"_blank\" rel=\"noopener\"><strong>\u041e\u0441\u043d\u043e\u0432\u043d\u044b\u0435 \u043c\u0435\u0440\u044b \u043f\u043e \u043f\u0440\u0435\u0434\u043e\u0442\u0432\u0440\u0430\u0449\u0435\u043d\u0438\u044e \u0438\u043d\u0444\u0435\u043a\u0446\u0438\u0438 COVID-19 \u043d\u0430 \u0440\u0430\u0431\u043e\u0447\u0435\u043c \u043c\u0435\u0441\u0442\u0435.<\/strong><\/a><\/li>\n<\/ul>\n<p>[\/vc_toggle][\/vc_column][\/vc_row]<\/p>\n<\/div>","protected":false},"excerpt":{"rendered":"<p>[vc_row][vc_column width=&#8221;1\/4&#8243;][vc_wp_custommenu nav_menu=&#8221;14&#8243; title=&#8221;\u041f\u0440\u043e\u0437\u0440\u0430\u0447\u043d\u043e\u0441\u0442\u044c&#8221;][\/vc_column][vc_column width=&#8221;3\/4&#8243;][vc_column_text css=&#8221;&#8221;] Anexa-1-la-ordin_ 01.04.2025 Anexa-2_01.04.2025-la-ordin 12-3789 din 04.10.2024 Ordinul Nr. 249-A-894 din 01.11.2024 Ordinul Nr. 1089 din 23.12.2024 Ordin-nr.-1089-23.12.2024.Norme-metodologice Ordinul Nr. 738 din 11.09.2023 \u0420\u0435\u0433\u043b\u0430\u043c\u0435\u043d\u0442 \u043e \u0440\u0435\u0433\u0438\u0441\u0442\u0440\u0430\u0446\u0438\u0438 \u043d\u0430\u0441\u0435\u043b\u0435\u043d\u0438\u044f \u0432 \u0441\u043f\u0438\u0441\u043a\u0435 \u0441\u0435\u043c\u0435\u0439\u043d\u043e\u0433\u043e \u0432\u0440\u0430\u0447\u0430 Ordinul MSMPS nr. 386 din 07.03.2018 \u201dCu privire la atestarea medicilor \u0219i farmaci\u0219tilor\u201d Odinul MSPMS nr.394 din 13.03.2018 \u201dCu [&hellip;]<\/p>\n","protected":false},"author":2,"featured_media":0,"parent":2533,"menu_order":0,"comment_status":"closed","ping_status":"closed","template":"","meta":{"footnotes":""},"class_list":["post-2529","page","type-page","status-publish","hentry"],"_links":{"self":[{"href":"https:\/\/chirsova.imsp.md\/index.php\/wp-json\/wp\/v2\/pages\/2529","targetHints":{"allow":["GET"]}}],"collection":[{"href":"https:\/\/chirsova.imsp.md\/index.php\/wp-json\/wp\/v2\/pages"}],"about":[{"href":"https:\/\/chirsova.imsp.md\/index.php\/wp-json\/wp\/v2\/types\/page"}],"author":[{"embeddable":true,"href":"https:\/\/chirsova.imsp.md\/index.php\/wp-json\/wp\/v2\/users\/2"}],"replies":[{"embeddable":true,"href":"https:\/\/chirsova.imsp.md\/index.php\/wp-json\/wp\/v2\/comments?post=2529"}],"version-history":[{"count":17,"href":"https:\/\/chirsova.imsp.md\/index.php\/wp-json\/wp\/v2\/pages\/2529\/revisions"}],"predecessor-version":[{"id":2876,"href":"https:\/\/chirsova.imsp.md\/index.php\/wp-json\/wp\/v2\/pages\/2529\/revisions\/2876"}],"up":[{"embeddable":true,"href":"https:\/\/chirsova.imsp.md\/index.php\/wp-json\/wp\/v2\/pages\/2533"}],"wp:attachment":[{"href":"https:\/\/chirsova.imsp.md\/index.php\/wp-json\/wp\/v2\/media?parent=2529"}],"curies":[{"name":"wp","href":"https:\/\/api.w.org\/{rel}","templated":true}]}}